*f. Let v be i(4). Let h(j) = -j**2 - 9*j - 6. Let o be h(-8). Let p = v - o. What is the units digit of p?
2
Let a(r) = -r**3 + r**2 - 4. Let v(n) = -2*n**3 + n**2 - 8. Let f(j) = -7*a(j) + 3*v(j). What is the units digit of f(4)?
4
Suppose 4*h - 16 = -4*d, d + 13 + 3 = 4*h. Suppose 2 = 2*g - d. What is the units digit of (1/2)/(g/2)?
1
Let z(n) be the second derivative of 4*n**3/3 - n**2/2 + n. Let o be z(1). Suppose -6 = q - o. What is the units digit of q?
1
Let t(c) = -2*c**2 + 8*c - 1. Let o be t(6). Let i = -7 - o. Let v = 29 - i. What is the tens digit of v?
1
Suppose 256 + 66 = 2*g. What is the tens digit of g?
6
Suppose -j = 5*o - 128, 2*o - o + 5*j - 40 = 0. Let x = 23 + o. What is the tens digit of x?
4
Suppose 65 = 5*z + m, 4*m = 5*z - 0*m - 65. What is the units digit of z?
3
Let k(t) = 5*t**2. Let v be k(1). Suppose v*c - 115 = -3*l, 0 = 5*l - 5*c - 96 - 69. Suppose l - 90 = -5*y. What is the units digit of y?
1
Let s(g) = -g**3 - 7*g**2 - 2*g - 9. Let j be s(-7). Let h(i) = -5*i + i**3 + j*i - 4*i**2 + 3*i**2 - 2. What is the units digit of h(2)?
2
Let j = 7 - 10. Let y be 2/(-2)*(-1 + j). Suppose v + y = 2*v. What is the units digit of v?
4
Let k = 203 + -126. What is the units digit of k?
7
What is the tens digit of ((-84)/35)/((27/570)/(-3))?
5
Let g = 1 - 5. What is the units digit of 15 + g - (-3)/1?
4
Let d = 0 - 0. Suppose -2*m + 5*m - 15 = d. Suppose -72 = -m*u - 22. What is the tens digit of u?
1
Suppose 3*u - 106 = -5*a + 114, -5*a + 180 = -5*u. What is the units digit of a?
1
Suppose -26*r + 21*r = -550. What is the units digit of r?
0
Let l(t) = -t**3 - 2*t**2 - 2*t - 2. Let a be l(-2). Suppose 0 = 3*i - a*i - 17. What is the tens digit of i?
1
Suppose 6*b - b - 85 = 0. Let u = b - 12. What is the units digit of u?
5
Suppose 5*p + 34 - 134 = 0. Let d be 3/12 + (-38)/(-8). Suppose 4*h - 2*c = -d*c + 39, -p = -5*h + 2*c. What is the units digit of h?
6
Suppose p - 2*p = 59. Let g = -27 - p. What is the units digit of g?
2
Suppose -5*u + 473 = -237. What is the hundreds digit of u?
1
Let l be 7 + 0*(-2)/6. Suppose -s + l + 1 = 0. Suppose -4*g + 0*g = -s. What is the units digit of g?
2
What is the units digit of (-3 + 4)/((-1)/(-15))?
5
Let i(p) = 6*p**2 + p. Let n be i(-1). Let a = -5 + n. Suppose 20 = 5*f - 5*w - a, 0 = -2*w + 10. What is the units digit of f?
9
Suppose y - 6*y + 5 = 0. Suppose w - 4 = -3*g - y, 25 = -w + 4*g. Let v = -6 - w. What is the units digit of v?
3
Let f = 2 + -2. Suppose f*n = -n + 13. What is the tens digit of n?
1
Let n = -5 - -13. What is the units digit of n?
8
Let m be (-11)/11 + 1*-8. Let r = m + 18. What is the units digit of r?
9
Let u be ((3 - 3)*-1)/2. What is the tens digit of 1/(-2)*u + 14?
1
Suppose -24 = -5*a + 4*a. Let w = a - 8. What is the tens digit of w?
1
Let o = 13 + -7. What is the units digit of o?
6
Let k(i) = -5*i + 3. What is the units digit of k(-12)?
3
Let b = 7 - 4. Suppose 2*j = -b*j + 5. Let t(h) = 9*h**2 - h + 1. What is the units digit of t(j)?
9
What is the units digit of (-52)/(-9) + (-24)/(-108)?
6
Let d(j) = -j**2 + 10*j + 2. Let m be d(10). Let c(w) = 3*w**m + w**2 + 4 + 7*w - 3*w**2. What is the units digit of c(-7)?
4
Let r(l) = 3*l**2 + l. Let m be r(-1). Suppose 3*t - 3 = -4*f + 2, 25 = m*f - 3*t. Suppose 18 = f*w - 27. What is the units digit of w?
9
Suppose 0 = 5*l + 5*i - 485, -5*l - i = -6*i - 445. What is the units digit of l?
3
Suppose 499 = 3*h + 2*h + 2*q, -4*h - 3*q + 402 = 0. What is the units digit of h?
9
Let h(z) be the second derivative of z**3/6 - 5*z**2 - 2*z. Let p be h(6). What is the units digit of (-10)/p*(-12)/(-10)?
3
Let c(p) = -8*p - 10. What is the tens digit of c(-4)?
2
Let v(d) = -1 - 3*d**2 + 22*d**3 - d + 0*d + 3*d + d**2. What is the units digit of v(1)?
1
Let v = 1 - 1. Suppose v = 2*f - 7*f + 55. What is the tens digit of f?
1
Let g = 20 - 13. Let b(m) = 2*m**2 - 8*m - 11. What is the tens digit of b(g)?
3
Suppose -2*r + 8 = 2*r. Let y(w) = 4*w**2 - w + 1. Let z be y(r). Let g = z + -11. What is the units digit of g?
4
Let d(o) = 33*o**2 - 8*o + 7. What is the tens digit of d(2)?
2
Suppose 5*p - 19 = 141. What is the units digit of p?
2
Let b(h) = -h**2 - 6*h + 10. Let c be b(-7). Let a be (6/(c + 0))/2. Suppose j - a = 2. What is the units digit of j?
3
Let c = -14 - -34. Let t = c - 12. What is the units digit of t?
8
What is the tens digit of (-6 - 9)*(0 - (-22)/(-3))?
1
Suppose 0*j = j + 2*x + 6, -5*j - 12 = 4*x. Suppose 0 = 5*c - 4*d - 31, d - 5 = 5*c + 6*d. Suppose 2*m - 9 - c = j. What is the units digit of m?
6
Suppose -4*s + 692 = 3*l, s - 143 + 810 = 3*l. What is the units digit of l?
4
Suppose -5*t + 361 = 4*m, 0 = 3*t + 2*m - 275 + 58. What is the tens digit of t?
7
Suppose -u - 624 = -7*u. What is the hundreds digit of u?
1
Suppose 3*p = -2 - 16. Let x = p - -36. What is the units digit of x?
0
Suppose s + 4*s + 3*c = 290, -s + 2*c + 45 = 0. What is the tens digit of s?
5
Suppose 0 = 3*i + i - v - 175, 2*v + 49 = i. What is the tens digit of i?
4
Suppose 3 = 4*k - 5. Let n be ((-89)/(-3) - (-14)/(-21)) + 3. Suppose k*q + z - n = -2*z, 2*z = 5*q - 80. What is the tens digit of q?
1
Let c(h) = -h**2 + 8*h - 7. Let f be c(7). Suppose f = q + 2*q - 6. Suppose l - q*l + 12 = 0. What is the tens digit of l?
1
Let j(k) = -4*k**3 - 3*k**2. Let w(p) = p + 3. Let d be w(-5). What is the units digit of j(d)?
0
Suppose 4*y = 2*q - 2 - 2, -5*q + 5*y + 15 = 0. Let x = q + -4. Let j = x - -6. What is the units digit of j?
6
Suppose -2*j + 2*g = -97 + 25, -4*g = 2*j - 96. What is the tens digit of j?
4
Let y(r) = r**2 + r + 2. Let q be y(0). Suppose q*l - 3*m = 43, 2*m + m = l - 23. What is the tens digit of l?
2
Suppose -3*d + 4*h + 5 + 5 = 0, -2*h = 4*d - 6. Suppose 0 = -d*o + 3*m + 42, -5*o + 4*m + 91 = -0*m. What is the units digit of o?
5
What is the units digit of -1 - (3 - 2) - -8?
6
Suppose 0 + 3 = -n. What is the units digit of (-1 - n) + 2 + -2?
2
Suppose 4*q = 11*q - 833. What is the units digit of q?
9
What is the tens digit of (18 - -1 - 3)*(-11)/(-2)?
8
Let j(n) = -2*n**3 + 4*n**2 + 7*n - 4. Let v be j(5). Let a = 177 + v. What is the units digit of a?
8
Let c = -23 - -19. What is the tens digit of (2/c)/(13/(-494))?
1
Suppose 5*l - 80 = -5*b + 35, -3*l = 2*b - 74. What is the units digit of l?
8
Suppose -3*q + q + 8 = 0. Suppose 2*d = -i + 6*d + 20, -q*i = -5*d - 25. Let t = i + 2. What is the units digit of t?
2
Suppose 2*z + 0*z = 0. Suppose -4*h + z*b + 16 = 2*b, -3*h - 1 = -5*b. Suppose h*g - 12 = -3*t + 2*g, 3*t - 12 = 4*g. What is the units digit of t?
4
Let k(r) = -11*r. What is the tens digit of k(-4)?
4
Let w = 213 - 128. What is the tens digit of w?
8
Let v be 2/3*(-1 + 10). Suppose 50 = v*n - n. Let s = 14 - n. What is the units digit of s?
4
Suppose 0 = 24*f - 19*f - 915. What is the tens digit of f?
8
Let r(c) = c**2 + 8*c + 2. Let i be (8/12)/(4/18). Suppose h + i*h = -32. What is the units digit of r(h)?
2
What is the tens digit of 2*(-3)/2 + 4 + 101?
0
Let f(u) = 5*u**3 - u. Let q be f(-1). Let z(h) = 4 + 4 - h - 3. What is the units digit of z(q)?
9
Let j(z) = 3 - z**2 - 5 - 4 + 10*z - 2. What is the tens digit of j(7)?
1
Suppose -v = 2*q - 94, 4*q - 192 = -v - 0*v. What is the units digit of q?
9
Suppose -2*a = -4, 2*a = 6*o - 5*o. Suppose 14 = o*i - 2. What is the units digit of i?
4
Let r = -50 - -110. Suppose f - 2 = 0, -2*s + r - 4 = 3*f. What is the units digit of s?
5
Suppose -o - 5*g = 57, o + 3*g + 37 = -14. What is the units digit of 2/(-4) + o/(-4)?
0
Suppose -3*z + 6*z - 158 = 5*i, 3*i - 4*z = -86. Let p be 1/3 + i/(-6). Let x = p - 0. What is the units digit of x?
6
Suppose -5*h = -130 - 340. What is the tens digit of h?
9
Suppose 5*t - 4*a - 19 = 0, 4*t + 2*a + 1 = 11. Suppose 4*z + 14 = 3*j, -j + 4*z = t*j - 16. Suppose -4*o + 6 = j. What is the units digit of o?
1
Suppose 2*z - s = 55 + 149, 4*s - 536 = -5*z. Suppose -7 - z = -3*a. Suppose 6*w + 4*p = 3*w + a, -p + 11 = w. What is the units digit of w?
7
Let r(d) = -d**2 - 4*d + 3. Let o be r(-4). Suppose o - 11 = -j. What is the units digit of j?
8
Let n(s) be the third derivative of s**4/24 + 31*s**2. Let l be 1 - 0 - (1 - 2). What is the units digit of n(l)?
2
Suppose 9*h - 264 = -3*h. What is the tens digit of h?
2